emainder when 18 is divided by 7.
4
Calculate the remainder when 942 is divided by 45.
42
What is the remainder when 62 is divided by 43?
19
What is the remainder when 1925 is divided by 47?
45
What is the remainder when 44364 is divided by 14?
12
What is the remainder when 698 is divided by 25?
23
Calculate the remainder when 43 is divided by 13.
4
Calculate the remainder when 132 is divided by 12.
0
What is the remainder when 50 is divided by 16?
2
Calculate the remainder when 539 is divided by 189.
161
What is the remainder when 3806 is divided by 127?
123
What is the remainder when 107 is divided by 28?
23
Calculate the remainder when 672 is divided by 213.
33
Calculate the remainder when 897 is divided by 395.
107
What is the remainder when 270 is divided by 60?
30
What is the remainder when 24 is divided by 15?
9
Calculate the remainder when 1509 is divided by 24.
21
Calculate the remainder when 3524 is divided by 15.
14
What is the remainder when 51 is divided by 6?
3
Calculate the remainder when 629 is divided by 164.
137
What is the remainder when 901 is divided by 22?
21
What is the remainder when 4679 is divided by 120?
119
What is the remainder when 184 is divided by 108?
76
What is the remainder when 487 is divided by 479?
8
Calculate the remainder when 2596 is divided by 7.
6
Calculate the remainder when 274 is divided by 46.
44
What is the remainder when 568 is divided by 30?
28
Calculate the remainder when 701 is divided by 26.
25
Calculate the remainder when 400 is divided by 13.
10
What is the remainder when 1141 is divided by 127?
125
What is the remainder when 1364 is divided by 13?
12
Calculate the remainder when 1054 is divided by 66.
64
Calculate the remainder when 133 is divided by 9.
7
Calculate the remainder when 1278 is divided by 1235.
43
What is the remainder when 94 is divided by 39?
16
What is the remainder when 376 is divided by 193?
183
What is the remainder when 2158 is divided by 24?
22
Calculate the remainder when 154 is divided by 6.
4
Calculate the remainder when 527 is divided by 8.
7
Calculate the remainder when 362 is divided by 354.
8
Calculate the remainder when 96 is divided by 20.
16
Calculate the remainder when 687 is divided by 23.
20
Calculate the remainder when 424 is divided by 205.
14
Calculate the remainder when 35417 is divided by 161.
158
Calculate the remainder when 717 is divided by 48.
45
Calculate the remainder when 561 is divided by 113.
109
Calculate the remainder when 233 is divided by 59.
56
What is the remainder when 107 is divided by 4?
3
Calculate the remainder when 9390 is divided by 16.
14
Calculate the remainder when 933 is divided by 84.
9
Calculate the remainder when 517 is divided by 76.
61
Calculate the remainder when 74 is divided by 66.
8
What is the remainder when 587 is divided by 105?
62
Calculate the remainder when 1000 is divided by 208.
168
What is the remainder when 4863 is divided by 15?
3
What is the remainder when 129 is divided by 54?
21
What is the remainder when 433 is divided by 122?
67
What is the remainder when 199 is divided by 62?
13
What is the remainder when 114 is divided by 32?
18
What is the remainder when 98 is divided by 11?
10
Calculate the remainder when 1165 is divided by 51.
43
Calculate the remainder when 137 is divided by 9.
2
What is the remainder when 1361 is divided by 448?
17
Calculate the remainder when 443 is divided by 24.
11
What is the remainder when 1342 is divided by 64?
62
What is the remainder when 482 is divided by 11?
9
Calculate the remainder when 9660 is divided by 72.
12
Calculate the remainder when 153 is divided by 149.
4
What is the remainder when 641 is divided by 14?
11
Calculate the remainder when 124 is divided by 66.
58
Calculate the remainder when 493 is divided by 93.
28
What is the remainder when 106 is divided by 39?
28
Calculate the remainder when 396 is divided by 16.
12
Calculate the remainder when 1912 is divided by 66.
64
What is the remainder when 300 is divided by 59?
5
What is the remainder when 1304 is divided by 9?
8
Calculate the remainder when 164 is divided by 19.
12
Calculate the remainder when 1193 is divided by 389.
26
What is the remainder when 631 is divided by 129?
115
Calculate the remainder when 7820 is divided by 44.
32
Calculate the remainder when 1242 is divided by 15.
12
Calculate the remainder when 428 is divided by 108.
104
What is the remainder when 197 is divided by 84?
29
What is the remainder when 2139 is divided by 154?
137
What is the remainder when 83 is divided by 45?
38
What is the remainder when 3939 is divided by 17?
12
Calculate the remainder when 725 is divided by 56.
53
Calculate the remainder when 57 is divided by 22.
13
What is the remainder when 368 is divided by 5?
3
Calculate the remainder when 1794 is divided by 114.
84
Calculate the remainder when 6316 is divided by 2102.
10
Calculate the remainder when 3288 is divided by 11.
10
What is the remainder when 397 is divided by 230?
167
Calculate the remainder when 14 is divided by 9.
5
Calculate the remainder when 90 is divided by 33.
24
Calculate the remainder when 5485 is divided by 177.
175
What is the remainder when 1649 is divided by 14?
11
Calculate the remainder when 341 is divided by 112.
5
Calculate the remainder when 429 is divided by 26.
13
What is the remainder when 322 is divided by 104?
10
Calculate the remainder when 270 is divided by 69.
63
Calculate the remainder when 413 is divided by 197.
19
What is the remainder when 989 is divided by 15?
14
Calculate the remainder when 866 is divided by 124.
122
Calculate the remainder when 459 is divided by 263.
196
Calculate the remainder when 181 is divided by 65.
51
What is the remainder when 321 is divided by 103?
12
Calculate the remainder when 774 is divided by 27.
18
What is the remainder when 8689 is divided by 207?
202
Calculate the remainder when 313 is divided by 35.
33
What is the remainder when 542 is divided by 94?
72
Calculate the remainder when 67 is divided by 5.
2
Calculate the remainder when 741 is divided by 207.
120
What is the remainder when 1424 is divided by 47?
14
Calculate the remainder when 9195 is divided by 63.
60
What is the remainder when 8788 is divided by 59?
56
Calculate the remainder when 379 is divided by 76.
75
Calculate the remainder when 294 is divided by 50.
44
Calculate the remainder when 6753 is divided by 22.
21
Calculate the remainder when 3827 is divided by 58.
57
What is the remainder when 887 is divided by 388?
111
What is the remainder when 179 is divided by 4?
3
What is the remainder when 1790 is divided by 20?
10
What is the remainder when 139 is divided by 65?
9
Calculate the remainder when 407 is divided by 2.
1
Calculate the remainder when 170 is divided by 117.
53
Calculate the remainder when 1517 is divided by 378.
5
What is the remainder when 406 is divided by 37?
36
What is the remainder when 2271 is divided by 190?
181
What is the remainder when 129 is divided by 42?
3
Calculate the remainder when 590 is divided by 584.
6
What is the remainder when 386 is divided by 25?
11
What is the remainder when 762 is divided by 16?
10
Calculate the remainder when 502 is divided by 174.
154
What is the remainder when 2493 is divided by 13?
10
Calculate the remainder when 4696 is divided by 87.
85
Calculate the remainder when 2041 is divided by 31.
26
Calculate the remainder when 542 is divided by 78.
74
Calculate the remainder when 26 is divided by 16.
10
What is the remainder when 216 is divided by 13?
8
Calculate the remainder when 296 is divided by 25.
21
Calculate the remainder when 657 is divided by 279.
99
What is the remainder when 150 is divided by 54?
42
What is the remainder when 70 is divided by 12?
10
What is the remainder when 311 is divided by 40?
31
Calculate the remainder when 392 is divided by 12.
8
What is the remainder when 762 is divided by 51?
48
Calculate the remainder when 107 is divided by 29.
20
Calculate the remainder when 162 is divided by 46.
24
What is the remainder when 472 is divided by 44?
32
What is the remainder when 45 is divided by 17?
11
Calculate the remainder when 957 is divided by 137.
135
Calculate the remainder when 5222 is divided by 3.
2
What is the remainder when 918 i